{"id":1510,"date":"2018-05-28T11:41:09","date_gmt":"2018-05-28T11:41:09","guid":{"rendered":"https:\/\/fornit.pl\/?page_id=5"},"modified":"2018-05-28T11:41:09","modified_gmt":"2018-05-28T11:41:09","slug":"fornit-fabryka-mebli","status":"publish","type":"page","link":"https:\/\/wojt.you2.pl\/index.php\/fornit-fabryka-mebli\/","title":{"rendered":"Fornit &#8211; Fabryka mebli"},"content":{"rendered":"<p>[vc_row][vc_column width=&#8221;1\/3&#8243;][vc_single_image image=&#8221;552&#8243; img_size=&#8221;full&#8221; alignment=&#8221;center&#8221; onclick=&#8221;custom_link&#8221; css=&#8221;.vc_custom_1554101269425{margin-bottom: 10px !important;}&#8221; link=&#8221;\/portfolio\/?term=5&amp;orderby=date&amp;order=DESC&#8221;][vc_column_text]<\/p>\n<h4><span style=\"color: #272e69;\">Meble biurowe<\/span><\/h4>\n<p>[\/vc_column_text][\/vc_column][vc_column width=&#8221;1\/3&#8243;][vc_single_image image=&#8221;603&#8243; img_size=&#8221;full&#8221; alignment=&#8221;center&#8221; onclick=&#8221;custom_link&#8221; css=&#8221;.vc_custom_1554101224585{margin-bottom: 10px !important;}&#8221; link=&#8221;\/portfolio\/?term=4&amp;orderby=date&amp;order=DESC&#8221;][vc_column_text]<\/p>\n<h4><span style=\"color: #272e69;\">Hotele i Restauracje<\/span><\/h4>\n<p>[\/vc_column_text][\/vc_column][vc_column width=&#8221;1\/3&#8243;][vc_single_image image=&#8221;702&#8243; img_size=&#8221;full&#8221; alignment=&#8221;center&#8221; onclick=&#8221;custom_link&#8221; css=&#8221;.vc_custom_1554101155338{margin-bottom: 10px !important;}&#8221; link=&#8221;\/portfolio\/?term=31&amp;orderby=date&amp;order=DESC&#8221;][vc_column_text]<\/p>\n<h4><span style=\"color: #272e69;\">Wyposa\u017cenie sklep\u00f3w<\/span><\/h4>\n<p>[\/vc_column_text][\/vc_column][\/vc_row][vc_row][vc_column][vc_text_separator title=&#8221;TECHNOLOGIE&#8221; el_class=&#8221;seperatortech&#8221;][\/vc_column][\/vc_row][vc_row][vc_column width=&#8221;1\/4&#8243;][vc_single_image image=&#8221;297&#8243; img_size=&#8221;full&#8221; alignment=&#8221;center&#8221; onclick=&#8221;custom_link&#8221; css=&#8221;.vc_custom_1555345462209{margin-bottom: 10px !important;}&#8221; link=&#8221;\/technologie\/projektowanie&#8221;][vc_column_text]<\/p>\n<h4><span style=\"color: #272e69;\">Projektowanie<\/span><\/h4>\n<p>[\/vc_column_text][\/vc_column][vc_column width=&#8221;1\/4&#8243;][vc_single_image image=&#8221;299&#8243; img_size=&#8221;full&#8221; alignment=&#8221;center&#8221; onclick=&#8221;custom_link&#8221; css=&#8221;.vc_custom_1555345469606{margin-bottom: 10px !important;}&#8221; link=&#8221;\/technologie\/formatowanie&#8221;][vc_column_text]<\/p>\n<h4><span style=\"color: #272e69;\">Formatowanie<\/span><\/h4>\n<p>[\/vc_column_text][\/vc_column][vc_column width=&#8221;1\/4&#8243;][vc_single_image image=&#8221;326&#8243; img_size=&#8221;full&#8221; alignment=&#8221;center&#8221; onclick=&#8221;custom_link&#8221; css=&#8221;.vc_custom_1555345478052{margin-bottom: 10px !important;}&#8221; link=&#8221;\/technologie\/frezowanie&#8221;][vc_column_text]<\/p>\n<h4><span style=\"color: #272e69;\">Frezowanie<\/span><\/h4>\n<p>[\/vc_column_text][\/vc_column][vc_column width=&#8221;1\/4&#8243;][vc_single_image image=&#8221;290&#8243; img_size=&#8221;full&#8221; alignment=&#8221;center&#8221; onclick=&#8221;custom_link&#8221; css=&#8221;.vc_custom_1555345487850{margin-bottom: 10px !important;}&#8221; link=&#8221;\/technologie\/szlifowanie&#8221;][vc_column_text]<\/p>\n<h4><span style=\"color: #272e69;\">Szlifowanie<\/span><\/h4>\n<p>[\/vc_column_text][\/vc_column][\/vc_row][vc_row][vc_column][vc_column_text]<\/p>\n<p style=\"text-align: center;\"><a href=\"https:\/\/wojt.you2.pl\/technologie\/\">Wy\u015bwietl wszystkie nasze technologie<\/a><\/p>\n<p>[\/vc_column_text][\/vc_column][\/vc_row][vc_row full_width=&quot;stretch_row&quot; css=&quot;.vc_custom_1527517553865{margin-top: 70px !important;background-image: url(https:\/\/wojt.you2.pl\/wp-content\/uploads\/2018\/05\/fornit_producent_mebli.jpg?id=40 !important;background-position: center !important;background-repeat: no-repeat !important;background-size: cover !important;}&quot;][vc_column width=&quot;5\/12&quot; css=&quot;.vc_custom_1556873988708{padding-top: 30px !important;padding-right: 50px !important;padding-left: 50px !important;}&quot;][vc_column_text]<\/p>\n<h1><span style=\"color: #ffffff;\">Kompleksowa zabudowa<\/span><\/h1>\n<p>[\/vc_column_text][vc_separator color=&#8221;white&#8221;][vc_column_text]<span style=\"color: #ffffff;\">Oferujemy kompleksowe zabudowy meblowe w przestrzeniach u\u017cyteczno\u015bci publicznej. Posiadamy w\u0142asne biuro projektowe, dzi\u0119ki kt\u00f3remu jeste\u015bmy w stanie zrealizowa\u0107 niestandardowe koncepcje naszych Klient\u00f3w, nadaj\u0105c przestrzeniom unikatowy styl i charakter. Na ka\u017cdym etapie, od projektu do realizacji, dbamy o najmniejsze detale.<br \/>\n<\/span>[\/vc_column_text]<a href=\"&quot;\/hotelowe\/novotel-katowice\/&quot;\" class=\"btn-shortcode default-btn-bg-color &quot;odstepny&quot;\" id=\"dt-btn-1\">ZOBACZ PROJEKT<\/a>[\/vc_column][vc_column width=&quot;7\/12&quot; css=&quot;.vc_custom_1527512655801{margin-top: 0px !important;padding-top: 0px !important;}&quot;][vc_single_image image=&quot;41&quot; img_size=&quot;full&quot; alignment=&quot;right&quot; css=&quot;.vc_custom_1527512597340{margin-top: 0px !important;margin-bottom: 0px !important;border-top-width: 0px !important;border-bottom-width: 0px !important;padding-top: 0px !important;padding-bottom: 0px !important;}&quot;][\/vc_column][\/vc_row][vc_row full_width=&quot;stretch_row&quot; css=&quot;.vc_custom_1527516214660{padding-top: 80px !important;background-image: url(https:\/\/wojt.you2.pl\/wp-content\/uploads\/2018\/05\/meble_z_plytm_mdf-1.jpg?id=59 !important;background-position: center !important;background-repeat: no-repeat !important;background-size: cover !important;}&quot;][vc_column][vc_row_inner][vc_column_inner width=&quot;1\/3&quot;][vc_single_image image=&quot;56&quot; img_size=&quot;medium&quot; alignment=&quot;center&quot;][\/vc_column_inner][vc_column_inner width=&quot;2\/3&quot;][vc_column_text]<\/p>\n<h1><span style=\"color: #282f6b;\">Do\u015bwiadczenie poparte histori\u0105 oraz portfolio.<\/span><\/h1>\n<p>[\/vc_column_text][vc_column_text]Historia naszej dzia\u0142alno\u015bci si\u0119ga XIX wieku, kiedy to Jan Pieczara zaj\u0105\u0142 si\u0119 obr\u00f3bk\u0105 drewna, produkuj\u0105c ko\u0142a i beczki. Zami\u0142owanie do tego fachu odziedziczy\u0142 po nim syn Stanis\u0142aw, kt\u00f3ry rozwija\u0142 swoje umiej\u0119tno\u015bci, ucz\u0119szczaj\u0105c do szko\u0142y w Kalwarii Zebrzydowskiej. Po uko\u0144czeniu szko\u0142y \u00a0w latach 30 ubieg\u0142ego wieku uruchomi\u0142 w Ci\u0119\u017ckowicach tartak i wytw\u00f3rni\u0119 oklein. Niestety okres II wojny \u015bwiatowej przyczyni\u0142 si\u0119 do zahamowania rozwoju m\u0142odego przedsi\u0119biorstwa, natomiast okres Polski Ludowej zatrzyma\u0142 jego dzia\u0142alno\u015b\u0107 ca\u0142kowicie poprzez zarekwirowanie wi\u0119kszo\u015bci maszyn. M\u0142ody i ambitny Stanis\u0142aw nie da\u0142 jednak za wygran\u0105, zmieniaj\u0105c profil dzia\u0142alno\u015bci firmy. Postanowi\u0142 skupi\u0107 si\u0119 na produkcji jednostkowej, wymagaj\u0105cej du\u017cych umiej\u0119tno\u015bci manualnych. W takiej formie zak\u0142ad dzia\u0142a\u0142 a\u017c do jego \u015bmierci w roku 1981.[\/vc_column_text][\/vc_column_inner][\/vc_row_inner][\/vc_column][\/vc_row][vc_row disable_element=&#8221;yes&#8221;][vc_column][vc_text_separator title=&#8221;ZAUFALI NAM&#8221; el_class=&#8221;seperatortech&#8221; css=&#8221;.vc_custom_1527516289623{margin-top: 50px !important;}&#8221;]<style type=\"text\/css\" data-type=\"the7_shortcodes-inline-css\">.carousel-shortcode.carousel-shortcode-id-ba8b3a8be86cbcd120e6931ac952a6c5 .owl-nav a {\n  width: 36px;\n  height: 36px;\n  border-radius: 500px;\n}\n.dt-arrow-border-on.carousel-shortcode.carousel-shortcode-id-ba8b3a8be86cbcd120e6931ac952a6c5 .owl-nav a:not(:hover):before {\n  border-width: 0px;\n}\n.dt-arrow-hover-border-on.carousel-shortcode.carousel-shortcode-id-ba8b3a8be86cbcd120e6931ac952a6c5 .owl-nav a:hover:after {\n  border-width: 0px;\n}\n.carousel-shortcode.carousel-shortcode-id-ba8b3a8be86cbcd120e6931ac952a6c5 .owl-nav a.owl-prev {\n  top: 50%;\n  transform: translateY(calc(-50% + 0px));\n  left: -43px;\n}\n@media all and (-ms-high-contrast: none) {\n  .carousel-shortcode.carousel-shortcode-id-ba8b3a8be86cbcd120e6931ac952a6c5 .owl-nav a.owl-prev {\n    transform: translateY(-50%);\n    margin-top: 0px;\n  }\n}\n.carousel-shortcode.carousel-shortcode-id-ba8b3a8be86cbcd120e6931ac952a6c5 .owl-nav a.owl-prev i {\n  padding: 0px 0px 0px 0px;\n}\n.carousel-shortcode.carousel-shortcode-id-ba8b3a8be86cbcd120e6931ac952a6c5 .owl-nav a.owl-next {\n  top: 50%;\n  transform: translateY(calc(-50% + 0px));\n  right: -43px;\n}\n@media all and (-ms-high-contrast: none) {\n  .carousel-shortcode.carousel-shortcode-id-ba8b3a8be86cbcd120e6931ac952a6c5 .owl-nav a.owl-next {\n    transform: translateY(-50%);\n    margin-top: 0px;\n  }\n}\n.carousel-shortcode.carousel-shortcode-id-ba8b3a8be86cbcd120e6931ac952a6c5 .owl-nav a.owl-next i {\n  padding: 0px 0px 0px 0px;\n}\n.carousel-shortcode.carousel-shortcode-id-ba8b3a8be86cbcd120e6931ac952a6c5 .owl-nav i {\n  font-size: 18px;\n}\n.carousel-shortcode.carousel-shortcode-id-ba8b3a8be86cbcd120e6931ac952a6c5 .owl-nav a:not(:hover) i,\n.carousel-shortcode.carousel-shortcode-id-ba8b3a8be86cbcd120e6931ac952a6c5 .owl-nav a:not(:hover) i:before {\n  color: #ffffff;\n  background: none;\n}\n.carousel-shortcode.carousel-shortcode-id-ba8b3a8be86cbcd120e6931ac952a6c5 .owl-nav a:hover i,\n.carousel-shortcode.carousel-shortcode-id-ba8b3a8be86cbcd120e6931ac952a6c5 .owl-nav a:hover i:before {\n  color: rgba(255,255,255,0.75);\n  background: none;\n}\n.carousel-shortcode.carousel-shortcode-id-ba8b3a8be86cbcd120e6931ac952a6c5 .owl-dots {\n  top: calc(100% + 20px);\n  left: 50%;\n  transform: translateX(calc(-50% + 0px));\n}\n@media all and (-ms-high-contrast: none) {\n  .carousel-shortcode.carousel-shortcode-id-ba8b3a8be86cbcd120e6931ac952a6c5 .owl-dots {\n    transform: translateX(-50%);\n    margin-left: 0px;\n  }\n}\n.carousel-shortcode.carousel-shortcode-id-ba8b3a8be86cbcd120e6931ac952a6c5 .owl-dot {\n  width: 10px;\n  height: 10px;\n  margin: 0 8px;\n}\n@media screen and (max-width: 778px) {\n  .carousel-shortcode.carousel-shortcode-id-ba8b3a8be86cbcd120e6931ac952a6c5.hide-arrows .owl-nav a {\n    display: none;\n  }\n}\n@media screen and (max-width: 778px) {\n  .carousel-shortcode.carousel-shortcode-id-ba8b3a8be86cbcd120e6931ac952a6c5.reposition-arrows .owl-nav .owl-prev {\n    top: 50%;\n    transform: translateY(calc(-50% + 0px));\n    left: 10px;\n  }\n  .carousel-shortcode.carousel-shortcode-id-ba8b3a8be86cbcd120e6931ac952a6c5.reposition-arrows .owl-nav .owl-next {\n    top: 50%;\n    transform: translateY(calc(-50% + 0px));\n    right: 10px;\n  }\n}\n@media screen and (max-width: 778px) and all and (-ms-high-contrast: none) {\n  .carousel-shortcode.carousel-shortcode-id-ba8b3a8be86cbcd120e6931ac952a6c5.reposition-arrows .owl-nav .owl-prev {\n    transform: translateY(-50%);\n    margin-top: 0px;\n  }\n}\n@media screen and (max-width: 778px) and all and (-ms-high-contrast: none) {\n  .carousel-shortcode.carousel-shortcode-id-ba8b3a8be86cbcd120e6931ac952a6c5.reposition-arrows .owl-nav .owl-next {\n    transform: translateY(-50%);\n    margin-top: 0px;\n  }\n}\n<\/style><div class=\"owl-carousel carousel-shortcode dt-owl-carousel-call carousel-shortcode-id-ba8b3a8be86cbcd120e6931ac952a6c5 bullets-small-dot-stroke reposition-arrows arrows-bg-on dt-arrow-border-on dt-arrow-hover-border-on disable-arrows-hover-bg arrows-hover-bg-on \" data-scroll-mode=\"page\" data-col-num=\"5\" data-wide-col-num=\"5\" data-laptop-col=\"3\" data-h-tablet-columns-num=\"3\" data-v-tablet-columns-num=\"2\" data-phone-columns-num=\"1\" data-auto-height=\"true\" data-col-gap=\"55\" data-stage-padding=\"0\" data-speed=\"600\" data-autoplay=\"true\" data-autoplay_speed=\"4000\" data-arrows=\"false\" data-bullet=\"false\" data-next-icon=\"icon-ar-017-r\" data-prev-icon=\"icon-ar-017-l\">[vc_single_image image=&#8221;68&#8243; img_size=&#8221;full&#8221; alignment=&#8221;center&#8221;][vc_single_image image=&#8221;68&#8243; img_size=&#8221;full&#8221; alignment=&#8221;center&#8221;][vc_single_image image=&#8221;68&#8243; img_size=&#8221;full&#8221; alignment=&#8221;center&#8221;][vc_single_image image=&#8221;68&#8243; img_size=&#8221;full&#8221; alignment=&#8221;center&#8221;][vc_single_image image=&#8221;68&#8243; img_size=&#8221;full&#8221; alignment=&#8221;center&#8221;][vc_single_image image=&#8221;68&#8243; img_size=&#8221;full&#8221; alignment=&#8221;center&#8221;][vc_single_image image=&#8221;68&#8243; img_size=&#8221;full&#8221; alignment=&#8221;center&#8221;][vc_single_image image=&#8221;68&#8243; img_size=&#8221;full&#8221; alignment=&#8221;center&#8221;][vc_single_image image=&#8221;68&#8243; img_size=&#8221;full&#8221; alignment=&#8221;center&#8221;]<\/div>[\/vc_column][\/vc_row][vc_row bg_type=&#8221;grad&#8221; bg_grad=&#8221;background: -webkit-gradient(linear, left top, left bottom, color-stop(0%, #404040), color-stop(100%, #1A1A1A));background: -moz-linear-gradient(left,#404040 0%,#1A1A1A 100%);background: -webkit-linear-gradient(left,#404040 0%,#1A1A1A 100%);background: -o-linear-gradient(left,#404040 0%,#1A1A1A 100%);background: -ms-linear-gradient(left,#404040 0%,#1A1A1A 100%);background: linear-gradient(left,#404040 0%,#1A1A1A 100%);&#8221; css=&#8221;.vc_custom_1527518389785{margin-top: 70px !important;margin-bottom: 90px !important;}&#8221;][vc_column width=&#8221;7\/12&#8243; css=&#8221;.vc_custom_1527518229737{margin-top: 0px !important;margin-right: 0px !important;margin-bottom: 0px !important;margin-left: 0px !important;padding-top: 0px !important;padding-right: 0px !important;padding-bottom: 0px !important;padding-left: 0px !important;}&#8221;][vc_single_image image=&#8221;705&#8243; img_size=&#8221;full&#8221; css=&#8221;.vc_custom_1554100079408{margin-bottom: 0px !important;margin-left: 0px !important;}&#8221;][\/vc_column][vc_column width=&#8221;5\/12&#8243; css=&#8221;.vc_custom_1527518672817{padding-top: 50px !important;padding-right: 50px !important;padding-left: 50px !important;}&#8221;][vc_column_text]<\/p>\n<h1><span style=\"color: #ffffff; font-size: 36px;\">Unikatowe projekty<\/span><\/h1>\n<p>[\/vc_column_text][vc_separator color=&#8221;white&#8221;][vc_column_text]<span style=\"color: #ffffff;\">W dzisiejszych czasach innowacyjno\u015b\u0107 oraz unikatowo\u015b\u0107 to cechy, kt\u00f3re pozwalaj\u0105 na wyr\u00f3\u017cnienie si\u0119 na tle konkurencji. Sp\u00f3jno\u015b\u0107 filozofii firmy wraz z jej wizerunkiem pozwala osi\u0105gn\u0105\u0107 zamierzone cele. Projektuj\u0105c przestrzenie dbamy o fuzj\u0119 tych dw\u00f3ch sk\u0142adnik\u00f3w.<\/span>[\/vc_column_text]<a href=\"&quot;\/sklepowe\/turbo-tec\/&quot;\" class=\"btn-shortcode default-btn-bg-color &quot;odstepny&quot;\" id=\"dt-btn-2\">Zobacz projekt<\/a><a href=\"&quot;\/kontakt&quot;\" class=\"btn-shortcode default-btn-bg-color &quot;niebieski2&quot;\" id=\"dt-btn-3\">Kontakt z nami<\/a>[\/vc_column][\/vc_row][vc_row full_width=&quot;stretch_row&quot; css=&quot;.vc_custom_1527517693028{margin-top: 70px !important;background-image: url(https:\/\/wojt.you2.pl\/wp-content\/uploads\/2018\/05\/projekty_bg_meble_jakosc.jpg?id=88 !important;background-position: center !important;background-repeat: no-repeat !important;background-size: cover !important;}&quot;][vc_column][vc_column_text css=&quot;.vc_custom_1554100555065{margin-top: 60px !important;margin-bottom: 60px !important;}&quot;]<\/p>\n<h1 style=\"text-align: center;\"><span style=\"color: #ffffff;\">Nasze ostatnie realizacje<\/span><\/h1>\n<h2 style=\"text-align: center; font-weight: 100;\"><span style=\"color: #ffffff;\">Poznaj wybrane projekty<\/span><\/h2>\n<p>[\/vc_column_text][vc_row_inner css=&#8221;.vc_custom_1527518082396{padding-bottom: 80px !important;}&#8221;][vc_column_inner][vc_basic_grid post_type=&#8221;post&#8221; max_items=&#8221;2&#8243; element_width=&#8221;6&#8243; item=&#8221;basicGrid_GoTopSlideout&#8221; grid_id=&#8221;vc_gid:1739370570840-a72221d0-3c75-10&#8243;][\/vc_column_inner][\/vc_row_inner][\/vc_column][\/vc_row]<\/p>\n","protected":false},"excerpt":{"rendered":"<p>[vc_row][vc_column width=&#8221;1\/3&#8243;][vc_single_image image=&#8221;552&#8243; img_size=&#8221;full&#8221; alignment=&#8221;center&#8221; onclick=&#8221;custom_link&#8221; css=&#8221;.vc_custom_1554101269425{margin-bottom: 10px !important;}&#8221; link=&#8221;\/portfolio\/?term=5&amp;orderby=date&amp;order=DESC&#8221;][vc_column_text] Meble biurowe [\/vc_column_text][\/vc_column][vc_column width=&#8221;1\/3&#8243;][vc_single_image image=&#8221;603&#8243; img_size=&#8221;full&#8221; alignment=&#8221;center&#8221; onclick=&#8221;custom_link&#8221; css=&#8221;.vc_custom_1554101224585{margin-bottom: 10px !important;}&#8221; link=&#8221;\/portfolio\/?term=4&amp;orderby=date&amp;order=DESC&#8221;][vc_column_text] Hotele i Restauracje [\/vc_column_text][\/vc_column][vc_column width=&#8221;1\/3&#8243;][vc_single_image image=&#8221;702&#8243; img_size=&#8221;full&#8221; alignment=&#8221;center&#8221; onclick=&#8221;custom_link&#8221; css=&#8221;.vc_custom_1554101155338{margin-bottom: 10px !important;}&#8221; link=&#8221;\/portfolio\/?term=31&amp;orderby=date&amp;order=DESC&#8221;][vc_column_text] Wyposa\u017cenie sklep\u00f3w [\/vc_column_text][\/vc_column][\/vc_row][vc_row][vc_column][vc_text_separator title=&#8221;TECHNOLOGIE&#8221; el_class=&#8221;seperatortech&#8221;][\/vc_column][\/vc_row][vc_row][vc_column width=&#8221;1\/4&#8243;][vc_single_image image=&#8221;297&#8243; img_size=&#8221;full&#8221; alignment=&#8221;center&#8221; onclick=&#8221;custom_link&#8221; css=&#8221;.vc_custom_1555345462209{margin-bottom: 10px !important;}&#8221; link=&#8221;\/technologie\/projektowanie&#8221;][vc_column_text] Projektowanie [\/vc_column_text][\/vc_column][vc_column width=&#8221;1\/4&#8243;][vc_single_image image=&#8221;299&#8243; img_size=&#8221;full&#8221; alignment=&#8221;center&#8221;&hellip;<\/p>\n","protected":false},"author":2,"featured_media":0,"parent":0,"menu_order":0,"comment_status":"closed","ping_status":"closed","template":"","meta":{"footnotes":""},"class_list":["post-1510","page","type-page","status-publish","hentry","description-off"],"_links":{"self":[{"href":"https:\/\/wojt.you2.pl\/index.php\/wp-json\/wp\/v2\/pages\/1510","targetHints":{"allow":["GET"]}}],"collection":[{"href":"https:\/\/wojt.you2.pl\/index.php\/wp-json\/wp\/v2\/pages"}],"about":[{"href":"https:\/\/wojt.you2.pl\/index.php\/wp-json\/wp\/v2\/types\/page"}],"author":[{"embeddable":true,"href":"https:\/\/wojt.you2.pl\/index.php\/wp-json\/wp\/v2\/users\/2"}],"replies":[{"embeddable":true,"href":"https:\/\/wojt.you2.pl\/index.php\/wp-json\/wp\/v2\/comments?post=1510"}],"version-history":[{"count":0,"href":"https:\/\/wojt.you2.pl\/index.php\/wp-json\/wp\/v2\/pages\/1510\/revisions"}],"wp:attachment":[{"href":"https:\/\/wojt.you2.pl\/index.php\/wp-json\/wp\/v2\/media?parent=1510"}],"curies":[{"name":"wp","href":"https:\/\/api.w.org\/{rel}","templated":true}]}}