{"id":353,"date":"2019-03-29T10:34:14","date_gmt":"2019-03-29T10:34:14","guid":{"rendered":"https:\/\/fornit.pl\/?page_id=353"},"modified":"2019-03-29T10:34:14","modified_gmt":"2019-03-29T10:34:14","slug":"szlifowanie","status":"publish","type":"page","link":"https:\/\/wojt.you2.pl\/index.php\/technologie\/szlifowanie\/","title":{"rendered":"Szlifowanie"},"content":{"rendered":"<p>[vc_row full_width=&quot;stretch_row&quot; full_height=&quot;yes&quot; bg_type=&quot;image&quot; parallax_style=&quot;vcpb-default&quot; bg_image_new=&quot;id^290|url^https:\/\/wojt.you2.pl\/wp-content\/uploads\/2019\/02\/szlifowanie-plyt-mdf.jpg|caption^null|alt^null|title^szlifowanie-plyt-mdf|description^null&quot; bg_image_repeat=&quot;no-repeat&quot;][vc_column][vc_custom_heading source=&quot;post_title&quot; font_container=&quot;tag:h1|text_align:left|color:%23ffffff&quot; use_theme_fonts=&quot;yes&quot; link=&quot;|||&quot; css=&quot;.vc_custom_1553854451933{padding-top: 20px !important;padding-right: 15px !important;padding-bottom: 20px !important;padding-left: 15px !important;background-color: rgba(37,51,112,0.9) !important;*background-color: rgb(37,51,112) !important;}&quot; el_class=&quot;naglowek&quot;][\/vc_column][\/vc_row][vc_row][vc_column][vc_column_text css=&quot;.vc_custom_1557173755144{padding-top: 100px !important;padding-bottom: 100px !important;}&quot;]<\/p>\n<h3 style=\"text-align: left;\">Szlifowanie to obr\u00f3bka wyko\u0144czeniowa powierzchni za pomoc\u0105 materia\u0142\u00f3w \u015bciernych, w wyniku kt\u00f3rej uzyskuje si\u0119 jednolit\u0105 chropowato\u015b\u0107 na ca\u0142ej powierzchni. Stopie\u0144 chropowato\u015bci zale\u017cy od gradacji zastosowanego papieru \u015bciernego.<\/h3>\n<p>[\/vc_column_text][vc_row_inner][vc_column_inner width=&#8221;2\/3&#8243; offset=&#8221;vc_col-lg-8 vc_col-md-12 vc_col-xs-12&#8243;][vc_single_image image=&#8221;354&#8243; img_size=&#8221;full&#8221; alignment=&#8221;center&#8221;][\/vc_column_inner][vc_column_inner width=&#8221;1\/3&#8243; offset=&#8221;vc_col-lg-4 vc_col-md-12 vc_col-xs-12&#8243;][vc_column_text]<\/p>\n<h4 style=\"text-align: left;\">Gradacj\u0119 oznacza si\u0119 liczbowo \u2014 im ni\u017csza warto\u015b\u0107, tym wi\u0119ksze ziarna, a w konsekwencji g\u0142\u0119bsze rysy. W bran\u017cy meblowej stosuje si\u0119 gradacje od 40, w przypadku litego drewna, a\u017c do 2000 \u2013 w procesie przygotowania lakieru do polerowania na wysoki po\u0142ysk. W procesie szlifowania wa\u017cne jest, aby przeskoki pomi\u0119dzy kolejnymi gradacjami nie by\u0142y wi\u0119ksze ni\u017c warto\u015b\u0107 aktualnie u\u017cywanej gradacji. Dla przyk\u0142adu, je\u015bli zastosujemy papier o gradacji 120 zaraz po u\u017cyciu papieru o gradacji 40, szlifowanie nie przyniesie oczekiwanych rezultat\u00f3w, bowiem nie jeste\u015bmy w stanie w rozs\u0105dnym czasie zatrze\u0107 g\u0142\u0119bokich rys.<\/h4>\n<p>[\/vc_column_text][\/vc_column_inner][\/vc_row_inner][vc_column_text css=&#8221;.vc_custom_1556879740320{margin-top: 80px !important;}&#8221;]<\/p>\n<h4 style=\"text-align: left;\">W zale\u017cno\u015bci od szlifowanego materia\u0142u i jego gabaryt\u00f3w wykorzystywane s\u0105 szlifierki r\u0119czne, szlifierki sto\u0142owe lub zautomatyzowana linia szlifuj\u0105c\u0105, kt\u00f3ra skanuje obrabiane w danym momencie elementy, dopasowuj\u0105c odpowiedni\u0105 si\u0142\u0119 nacisku. Zastosowane w maszynach elektromagnetyczne trzewiki, w przeciwie\u0144stwie do popularnego rozwi\u0105zania opartego na si\u0142ownikach pneumatycznych, pozwalaj\u0105 na uniezale\u017cnienie docisku od przypadkowych skok\u00f3w ci\u015bnienia w instalacji spr\u0119\u017conego powietrza.<\/h4>\n<p>[\/vc_column_text][\/vc_column][\/vc_row][vc_row css=&#8221;.vc_custom_1553854884476{margin-top: 120px !important;}&#8221;][vc_column][vc_raw_html]JTNDaWZyYW1lJTIwd2lkdGglM0QlMjIxMjAwJTIyJTIwaGVpZ2h0JTNEJTIyNjc1JTIyJTIwc3JjJTNEJTIyaHR0cHMlM0ElMkYlMkZ3d3cueW91dHViZS5jb20lMkZlbWJlZCUyRjh6T1VyTHM0TTlBJTIyJTIwdGl0bGUlM0QlMjJZb3VUdWJlJTIwdmlkZW8lMjBwbGF5ZXIlMjIlMjBmcmFtZWJvcmRlciUzRCUyMjAlMjIlMjBhbGxvdyUzRCUyMmFjY2VsZXJvbWV0ZXIlM0IlMjBhdXRvcGxheSUzQiUyMGNsaXBib2FyZC13cml0ZSUzQiUyMGVuY3J5cHRlZC1tZWRpYSUzQiUyMGd5cm9zY29wZSUzQiUyMHBpY3R1cmUtaW4tcGljdHVyZSUyMiUyMGFsbG93ZnVsbHNjcmVlbiUzRSUzQyUyRmlmcmFtZSUzRQ==[\/vc_raw_html][\/vc_column][\/vc_row]<\/p>\n","protected":false},"excerpt":{"rendered":"<p>[vc_row full_width=&quot;stretch_row&quot; full_height=&quot;yes&quot; bg_type=&quot;image&quot; parallax_style=&quot;vcpb-default&quot; bg_image_new=&quot;id^290|url^https:\/\/wojt.you2.pl\/wp-content\/uploads\/2019\/02\/szlifowanie-plyt-mdf.jpg|caption^null|alt^null|title^szlifowanie-plyt-mdf|description^null&quot; bg_image_repeat=&quot;no-repeat&quot;][vc_column][vc_custom_heading source=&quot;post_title&quot; font_container=&quot;tag:h1|text_align:left|color:%23ffffff&quot; use_theme_fonts=&quot;yes&quot; link=&quot;|||&quot; css=&quot;.vc_custom_1553854451933{padding-top: 20px !important;padding-right: 15px !important;padding-bottom: 20px !important;padding-left: 15px !important;background-color: rgba(37,51,112,0.9) !important;*background-color: rgb(37,51,112) !important;}&quot; el_class=&quot;naglowek&quot;][\/vc_column][\/vc_row][vc_row][vc_column][vc_column_text css=&quot;.vc_custom_1557173755144{padding-top: 100px !important;padding-bottom: 100px !important;}&quot;] Szlifowanie to obr\u00f3bka wyko\u0144czeniowa powierzchni za pomoc\u0105 materia\u0142\u00f3w \u015bciernych, w wyniku kt\u00f3rej uzyskuje si\u0119 jednolit\u0105 chropowato\u015b\u0107 na ca\u0142ej powierzchni. Stopie\u0144 chropowato\u015bci zale\u017cy od gradacji zastosowanego&hellip;<\/p>\n","protected":false},"author":2,"featured_media":0,"parent":103,"menu_order":0,"comment_status":"closed","ping_status":"closed","template":"","meta":{"footnotes":""},"class_list":["post-353","page","type-page","status-publish","hentry","description-off"],"_links":{"self":[{"href":"https:\/\/wojt.you2.pl\/index.php\/wp-json\/wp\/v2\/pages\/353","targetHints":{"allow":["GET"]}}],"collection":[{"href":"https:\/\/wojt.you2.pl\/index.php\/wp-json\/wp\/v2\/pages"}],"about":[{"href":"https:\/\/wojt.you2.pl\/index.php\/wp-json\/wp\/v2\/types\/page"}],"author":[{"embeddable":true,"href":"https:\/\/wojt.you2.pl\/index.php\/wp-json\/wp\/v2\/users\/2"}],"replies":[{"embeddable":true,"href":"https:\/\/wojt.you2.pl\/index.php\/wp-json\/wp\/v2\/comments?post=353"}],"version-history":[{"count":0,"href":"https:\/\/wojt.you2.pl\/index.php\/wp-json\/wp\/v2\/pages\/353\/revisions"}],"up":[{"embeddable":true,"href":"https:\/\/wojt.you2.pl\/index.php\/wp-json\/wp\/v2\/pages\/103"}],"wp:attachment":[{"href":"https:\/\/wojt.you2.pl\/index.php\/wp-json\/wp\/v2\/media?parent=353"}],"curies":[{"name":"wp","href":"https:\/\/api.w.org\/{rel}","templated":true}]}}