{"id":357,"date":"2019-03-29T10:43:58","date_gmt":"2019-03-29T10:43:58","guid":{"rendered":"https:\/\/fornit.pl\/?page_id=357"},"modified":"2019-03-29T10:43:58","modified_gmt":"2019-03-29T10:43:58","slug":"przygotowanie-forniru","status":"publish","type":"page","link":"https:\/\/wojt.you2.pl\/index.php\/technologie\/przygotowanie-forniru\/","title":{"rendered":"Przygotowanie forniru"},"content":{"rendered":"<p>[vc_row full_width=&quot;stretch_row&quot; full_height=&quot;yes&quot; bg_type=&quot;image&quot; parallax_style=&quot;vcpb-default&quot; bg_image_new=&quot;id^291|url^https:\/\/wojt.you2.pl\/wp-content\/uploads\/2019\/02\/przygotowanie-forniru.jpg|caption^null|alt^null|title^przygotowanie-forniru|description^null&quot; bg_image_repeat=&quot;no-repeat&quot;][vc_column][vc_custom_heading source=&quot;post_title&quot; font_container=&quot;tag:h1|text_align:left|color:%23ffffff&quot; use_theme_fonts=&quot;yes&quot; link=&quot;|||&quot; css=&quot;.vc_custom_1553854451933{padding-top: 20px !important;padding-right: 15px !important;padding-bottom: 20px !important;padding-left: 15px !important;background-color: rgba(37,51,112,0.9) !important;*background-color: rgb(37,51,112) !important;}&quot; el_class=&quot;naglowek&quot;][\/vc_column][\/vc_row][vc_row][vc_column][vc_column_text css=&quot;.vc_custom_1556876644951{padding-top: 100px !important;padding-bottom: 100px !important;}&quot;]<\/p>\n<h3 style=\"text-align: left;\">Przygotowanie forniru, ze wzgl\u0119du na jego grubo\u015b\u0107, wymaga nie tylko du\u017cego do\u015bwiadczenia, ale r\u00f3wnie\u017c zastosowania odpowiednich, precyzyjnych maszyn. Pierwszym etapem przygotowania forniru jest frezowanie. W celu unikni\u0119cia widocznego po\u0142\u0105czenia li\u015bci, objawiaj\u0105cego si\u0119 zapadni\u0119tym lakierem na linii \u0142\u0105czenia, wykorzystujemy bardzo precyzyjne frezarki wysokoobrotowe z diamentowymi narz\u0119dziami.<\/h3>\n<p>[\/vc_column_text][vc_row_inner][vc_column_inner width=&#8221;2\/3&#8243;][vc_single_image image=&#8221;358&#8243; img_size=&#8221;full&#8221; alignment=&#8221;center&#8221;][\/vc_column_inner][vc_column_inner width=&#8221;1\/3&#8243;][vc_column_text]<\/p>\n<h4 style=\"text-align: left;\">Dzi\u0119ki zastosowaniu tak nowoczesnych i precyzyjnych maszyn kraw\u0119dzie pozostaj\u0105 idealnie r\u00f3wne, a w\u0142\u00f3kna nie oddzielaj\u0105 si\u0119 od siebie. Kolejnym etapem przygotowania forniru jest po\u0142\u0105czenie pojedynczych li\u015bci w wi\u0119ksz\u0105 powierzchni\u0119. Stawiaj\u0105c na wysok\u0105 jako\u015b\u0107 oferowanych przez nas mebli, wykorzystujemy tradycyjn\u0105 maszyn\u0119 do szycia forniru z nitk\u0105 klejow\u0105, kt\u00f3ra jest wolniejsza od spajarki stykowej, ale nie pozostawia spoiny. Zdarza si\u0119 r\u00f3wnie\u017c, \u017ce w przypadku egzotycznych, kruchych fornir\u00f3w nale\u017cy zastosowa\u0107 jeszcze starsz\u0105 metod\u0119, jaka jest papier klej\u0105cy.<\/h4>\n<p>[\/vc_column_text][\/vc_column_inner][\/vc_row_inner][vc_column_text css=&#8221;.vc_custom_1556876664312{margin-top: 80px !important;}&#8221;]<\/p>\n<h4 style=\"text-align: left;\">Nale\u017cy r\u00f3wnie\u017c pami\u0119ta\u0107 o odpowiedniej temperaturze i wilgotno\u015bci dla poszczeg\u00f3lnych gatunk\u00f3w drewna. Zbyt suche \u015brodowisko mo\u017ce spowodowa\u0107 sp\u0119kania okleiny, a zbyt wilgotne mo\u017ce spowodowa\u0107 rozszerzenie por\u00f3w po sklejeniu.<\/h4>\n<p>[\/vc_column_text][\/vc_column][\/vc_row][vc_row css=&#8221;.vc_custom_1553854884476{margin-top: 120px !important;}&#8221;][vc_column][vc_raw_html]JTNDaWZyYW1lJTIwd2lkdGglM0QlMjIxMjAwJTIyJTIwaGVpZ2h0JTNEJTIyNjc1JTIyJTIwc3JjJTNEJTIyaHR0cHMlM0ElMkYlMkZ3d3cueW91dHViZS5jb20lMkZlbWJlZCUyRldpUW96MW1FZG9ZJTIyJTIwdGl0bGUlM0QlMjJZb3VUdWJlJTIwdmlkZW8lMjBwbGF5ZXIlMjIlMjBmcmFtZWJvcmRlciUzRCUyMjAlMjIlMjBhbGxvdyUzRCUyMmFjY2VsZXJvbWV0ZXIlM0IlMjBhdXRvcGxheSUzQiUyMGNsaXBib2FyZC13cml0ZSUzQiUyMGVuY3J5cHRlZC1tZWRpYSUzQiUyMGd5cm9zY29wZSUzQiUyMHBpY3R1cmUtaW4tcGljdHVyZSUyMiUyMGFsbG93ZnVsbHNjcmVlbiUzRSUzQyUyRmlmcmFtZSUzRQ==[\/vc_raw_html][\/vc_column][\/vc_row]<\/p>\n","protected":false},"excerpt":{"rendered":"<p>[vc_row full_width=&quot;stretch_row&quot; full_height=&quot;yes&quot; bg_type=&quot;image&quot; parallax_style=&quot;vcpb-default&quot; bg_image_new=&quot;id^291|url^https:\/\/wojt.you2.pl\/wp-content\/uploads\/2019\/02\/przygotowanie-forniru.jpg|caption^null|alt^null|title^przygotowanie-forniru|description^null&quot; bg_image_repeat=&quot;no-repeat&quot;][vc_column][vc_custom_heading source=&quot;post_title&quot; font_container=&quot;tag:h1|text_align:left|color:%23ffffff&quot; use_theme_fonts=&quot;yes&quot; link=&quot;|||&quot; css=&quot;.vc_custom_1553854451933{padding-top: 20px !important;padding-right: 15px !important;padding-bottom: 20px !important;padding-left: 15px !important;background-color: rgba(37,51,112,0.9) !important;*background-color: rgb(37,51,112) !important;}&quot; el_class=&quot;naglowek&quot;][\/vc_column][\/vc_row][vc_row][vc_column][vc_column_text css=&quot;.vc_custom_1556876644951{padding-top: 100px !important;padding-bottom: 100px !important;}&quot;] Przygotowanie forniru, ze wzgl\u0119du na jego grubo\u015b\u0107, wymaga nie tylko du\u017cego do\u015bwiadczenia, ale r\u00f3wnie\u017c zastosowania odpowiednich, precyzyjnych maszyn. Pierwszym etapem przygotowania forniru jest frezowanie. W&hellip;<\/p>\n","protected":false},"author":2,"featured_media":0,"parent":103,"menu_order":0,"comment_status":"closed","ping_status":"closed","template":"","meta":{"footnotes":""},"class_list":["post-357","page","type-page","status-publish","hentry","description-off"],"_links":{"self":[{"href":"https:\/\/wojt.you2.pl\/index.php\/wp-json\/wp\/v2\/pages\/357","targetHints":{"allow":["GET"]}}],"collection":[{"href":"https:\/\/wojt.you2.pl\/index.php\/wp-json\/wp\/v2\/pages"}],"about":[{"href":"https:\/\/wojt.you2.pl\/index.php\/wp-json\/wp\/v2\/types\/page"}],"author":[{"embeddable":true,"href":"https:\/\/wojt.you2.pl\/index.php\/wp-json\/wp\/v2\/users\/2"}],"replies":[{"embeddable":true,"href":"https:\/\/wojt.you2.pl\/index.php\/wp-json\/wp\/v2\/comments?post=357"}],"version-history":[{"count":0,"href":"https:\/\/wojt.you2.pl\/index.php\/wp-json\/wp\/v2\/pages\/357\/revisions"}],"up":[{"embeddable":true,"href":"https:\/\/wojt.you2.pl\/index.php\/wp-json\/wp\/v2\/pages\/103"}],"wp:attachment":[{"href":"https:\/\/wojt.you2.pl\/index.php\/wp-json\/wp\/v2\/media?parent=357"}],"curies":[{"name":"wp","href":"https:\/\/api.w.org\/{rel}","templated":true}]}}